by 3618.
92
What is the remainder when 1821929 is divided by 607307?
8
Calculate the remainder when 289581 is divided by 35537.
5285
What is the remainder when 80378 is divided by 7189?
1299
What is the remainder when 192280 is divided by 4623?
2737
Calculate the remainder when 2717281 is divided by 1097.
12
What is the remainder when 80720906 is divided by 5765779?
0
What is the remainder when 34094 is divided by 621?
560
What is the remainder when 106849 is divided by 14776?
3417
What is the remainder when 882084 is divided by 904?
684
Calculate the remainder when 38362 is divided by 1782.
940
What is the remainder when 17273676 is divided by 36?
12
Calculate the remainder when 2289331 is divided by 1249.
1163
Calculate the remainder when 780547435 is divided by 497.
486
Calculate the remainder when 157874 is divided by 132.
2
Calculate the remainder when 22880220 is divided by 3089.
3086
What is the remainder when 75507 is divided by 37750?
7
What is the remainder when 14551145 is divided by 246?
245
What is the remainder when 108189 is divided by 1836?
1701
Calculate the remainder when 37374917 is divided by 18687390.
137
What is the remainder when 64547 is divided by 2343?
1286
What is the remainder when 52307191 is divided by 90?
1
Calculate the remainder when 19368513 is divided by 38.
27
What is the remainder when 22469999 is divided by 78?
71
Calculate the remainder when 3572110 is divided by 1346.
1172
What is the remainder when 2418108 is divided by 180?
168
What is the remainder when 7258994 is divided by 25?
19
Calculate the remainder when 6037479 is divided by 503123.
3
What is the remainder when 306921 is divided by 7?
6
What is the remainder when 48123746 is divided by 579804?
14
Calculate the remainder when 234418 is divided by 299.
2
Calculate the remainder when 72902856 is divided by 417.
414
What is the remainder when 17421669 is divided by 715?
694
What is the remainder when 23386791 is divided by 3897797?
9
Calculate the remainder when 1196376 is divided by 263.
252
Calculate the remainder when 3851821 is divided by 87526.
677
What is the remainder when 150593584 is divided by 135?
4
What is the remainder when 857399 is divided by 377?
101
What is the remainder when 4420987 is divided by 67?
59
Calculate the remainder when 1652328 is divided by 24.
0
Calculate the remainder when 109541296 is divided by 1646.
1642
Calculate the remainder when 51332183 is divided by 3618.
3617
Calculate the remainder when 9287430 is divided by 261.
6
What is the remainder when 2031662 is divided by 1444?
1398
Calculate the remainder when 391981931 is divided by 591.
590
Calculate the remainder when 901779 is divided by 51.
48
What is the remainder when 1144 is divided by 412?
320
What is the remainder when 86493 is divided by 20275?
5393
Calculate the remainder when 2112087 is divided by 9305.
9157
What is the remainder when 189845 is divided by 2340?
305
What is the remainder when 9728474 is divided by 377?
366
What is the remainder when 1449747 is divided by 483179?
210
What is the remainder when 1626602 is divided by 62561?
16
Calculate the remainder when 28885248 is divided by 10.
8
What is the remainder when 9471569 is divided by 3157184?
17
Calculate the remainder when 3805443 is divided by 181208.
75
Calculate the remainder when 270790 is divided by 9011.
460
What is the remainder when 570502 is divided by 2377?
22
What is the remainder when 69639 is divided by 11137?
2817
What is the remainder when 702735176 is divided by 19?
17
Calculate the remainder when 7242767 is divided by 3621202.
363
What is the remainder when 31932439 is divided by 40?
39
What is the remainder when 734422 is divided by 317?
250
What is the remainder when 1218857 is divided by 406285?
2
Calculate the remainder when 64794 is divided by 2538.
1344
Calculate the remainder when 2321122 is divided by 3.
1
What is the remainder when 62352 is divided by 3267?
279
What is the remainder when 45190124 is divided by 379?
59
What is the remainder when 139514819 is divided by 23?
16
What is the remainder when 475528 is divided by 660?
328
What is the remainder when 98124389 is divided by 103?
100
What is the remainder when 9808800 is divided by 132551?
26
What is the remainder when 11502465 is divided by 11654?
11621
Calculate the remainder when 3249684 is divided by 812378.
172
Calculate the remainder when 203956915 is divided by 101978457.
1
What is the remainder when 57329149 is divided by 512?
509
Calculate the remainder when 8956300 is divided by 1168.
76
Calculate the remainder when 1820113 is divided by 303347.
31
What is the remainder when 62643258 is divided by 6334?
6332
Calculate the remainder when 759896 is divided by 108439.
823
Calculate the remainder when 2060234 is divided by 128764.
10
Calculate the remainder when 1760042 is divided by 73327.
194
What is the remainder when 204653 is divided by 755?
48
Calculate the remainder when 2496564 is divided by 61.
17
What is the remainder when 2481996 is divided by 155118?
108
What is the remainder when 2693054 is divided by 59?
58
What is the remainder when 2788378 is divided by 45711?
7
Calculate the remainder when 69715002 is divided by 1528.
2
What is the remainder when 708784 is divided by 854?
818
What is the remainder when 71806 is divided by 69498?
2308
Calculate the remainder when 410 is divided by 256.
154
What is the remainder when 145951683 is divided by 72975819?
45
What is the remainder when 142406313 is divided by 52?
49
What is the remainder when 20154710 is divided by 1969?
26
Calculate the remainder when 1466877 is divided by 967.
905
What is the remainder when 405127 is divided by 3116?
47
Calculate the remainder when 7197695 is divided by 817.
742
What is the remainder when 15066 is divided by 4866?
468
What is the remainder when 158104 is divided by 1726?
1038
What is the remainder when 150253855 is divided by 584?
583
What is the remainder when 219640 is divided by 217261?
2379
Calculate the remainder when 431094 is divided by 12678.
42
What is the remainder when 263661 is divided by 685?
621
Calculate the remainder when 88317 is divided by 1970.
1637
What is the remainder when 95943 is divided by 36?
3
What is the remainder when 449092 is divided by 74692?
940
What is the remainder when 68322682 is divided by 112?
106
What is the remainder when 11264272 is divided by 1317?
1288
Calculate the remainder when 13569735 is divided by 1507745.
30
Calculate the remainder when 62542400 is divided by 18.
14
What is the remainder when 508376794 is divided by 673?
670
Calculate the remainder when 28023 is divided by 38.
17
Calculate the remainder when 12680960 is divided by 4226986.
2
What is the remainder when 794228 is divided by 113448?
92
Calculate the remainder when 378677 is divided by 3157.
2994
Calculate the remainder when 217938 is divided by 217929.
9
Calculate the remainder when 17456 is divided by 1046.
720
What is the remainder when 5241832 is divided by 322?
316
Calculate the remainder when 99843 is divided by 674.
91
What is the remainder when 4031293 is divided by 140?
133
What is the remainder when 94581 is divided by 49?
11
What is the remainder when 128333 is divided by 31969?
457
What is the remainder when 5200188 is divided by 12441?
12291
What is the remainder when 1815985 is divided by 1592?
1105
Calculate the remainder when 7077668 is divided by 4635.
23
What is the remainder when 339791 is divided by 84?
11
Calculate the remainder when 4319108 is divided by 52037.
37
What is the remainder when 7686191 is divided by 258?
113
Calculate the remainder when 71215 is divided by 447.
142
What is the remainder when 394825 is divided by 394755?
70
Calculate the remainder when 139762 is divided by 1194.
64
What is the remainder when 1298276 is divided by 31663?
93
Calculate the remainder when 55959067 is divided by 107.
100
Calculate the remainder when 3292370 is divided by 48.
2
Calculate the remainder when 5306030 is divided by 279261.
71
Calculate the remainder when 3549355 is divided by 60.
55
Calculate the remainder when 134853 is divided by 33602.
445
What is the remainder when 173934303 is divided by 16?
15
What is the remainder when 103389 is divided by 51528?
333
What is t